{"id":2,"date":"2018-11-12T19:10:20","date_gmt":"2018-11-12T18:10:20","guid":{"rendered":"http:\/\/photoclub43.org\/?page_id=2"},"modified":"2026-03-18T11:46:30","modified_gmt":"2026-03-18T10:46:30","slug":"page-d-exemple","status":"publish","type":"page","link":"https:\/\/photoclub43.org\/?page_id=2","title":{"rendered":"Les Ponots Graphies"},"content":{"rendered":"\t\t<div data-elementor-type=\"wp-page\" data-elementor-id=\"2\" class=\"elementor elementor-2\">\n\t\t\t\t<div class=\"elementor-element elementor-element-7ad57430 e-flex e-con-boxed e-con e-parent\" data-id=\"7ad57430\" data-element_type=\"container\" data-e-type=\"container\">\n\t\t\t\t\t<div class=\"e-con-inner\">\n\t\t\t\t<div class=\"elementor-element elementor-element-19eee26a elementor-widget elementor-widget-text-editor\" data-id=\"19eee26a\" data-element_type=\"widget\" data-e-type=\"widget\" data-widget_type=\"text-editor.default\">\n\t\t\t\t\t\t\t\t\t<p>La cr\u00e9ation des \u00ab PONOTS&nbsp; GRAPHIES \u00bb par Jean-Paul CHABANON en 2006 a vu le jour en octobre 2007 gr\u00e2ce \u00e0 la participation active de tous les adh\u00e9rents du PHOTO CLUB DE GUITARD \u00ab Ouvr\u2019 L\u2019\u0153il \u00bb.<\/p>\n<p style=\"text-align: left;\">Un grand clin d\u2019\u0153il \u00e0 Lucie NOUREDDINE, ancien maire du Conseil Municipal des jeunes qui a imagin\u00e9 le nom : \u00ab Les&nbsp; PONOTS&nbsp; GRAPHIES \u00bb.<\/p>\n<p style=\"text-align: left;\">Cette exposition photographique se d\u00e9roule en biennale, en g\u00e9n\u00e9ral au mois d\u2019octobre ou novembre, et se p\u00e9rennise depuis sa cr\u00e9ation en 2007.<\/p>\n<p style=\"text-align: left;\">A chaque \u00e9v\u00e8nement, un th\u00e8me est choisi. Les lieux d\u2019expositions peuvent varier d\u2019une biennale \u00e0 l\u2019autre, mais les sites institutionnels (H\u00f4tel du D\u00e9partement, Mairie, Centre Culturel de Guitard) nous accueillent chaque fois.<\/p>\n<p style=\"text-align: left;\">Cet \u00e9v\u00e8nement est d\u00e9clin\u00e9 en biennale et permet aux amateurs et professionnels d&rsquo;exprimer leur talent sur diff\u00e9rents th\u00e8mes.<\/p>\n<p style=\"text-align: center;\">&nbsp;&#8212;<\/p>\n<h1 style=\"text-align: center;\"><a href=\"http:\/\/photoclub43.org\/?page_id=511\"><em><strong>Les affiches<\/strong><\/em><\/a><\/h1>\n<h2 style=\"text-align: center;\"><em><strong>Les Ponots Graphies 2025<\/strong><\/em><\/h2>\n<p style=\"text-align: center;\"><img decoding=\"async\" class=\"aligncenter  wp-image-4722\" src=\"http:\/\/photoclub43.org\/wp-content\/uploads\/2025\/10\/affiche-PG-2025-light-212x300.jpg\" alt=\". .\" width=\"167\" height=\"236\" srcset=\"https:\/\/photoclub43.org\/wp-content\/uploads\/2025\/10\/affiche-PG-2025-light-212x300.jpg 212w, https:\/\/photoclub43.org\/wp-content\/uploads\/2025\/10\/affiche-PG-2025-light-724x1024.jpg 724w, https:\/\/photoclub43.org\/wp-content\/uploads\/2025\/10\/affiche-PG-2025-light-768x1086.jpg 768w, https:\/\/photoclub43.org\/wp-content\/uploads\/2025\/10\/affiche-PG-2025-light-1086x1536.jpg 1086w, https:\/\/photoclub43.org\/wp-content\/uploads\/2025\/10\/affiche-PG-2025-light.jpg 1414w\" sizes=\"(max-width: 167px) 100vw, 167px\" \/><\/p>\n<p style=\"text-align: center;\">10<sup>i\u00e8me<\/sup> \u00e9dition des Ponots-Graphies cr\u00e9\u00e9es en 2007, 51 ans du Photoclub de Guitard \u00abOuvr\u2019L\u2019\u0153il\u00bb.<\/p>\n<p style=\"text-align: center;\">\u00ab&nbsp;La photographie ne peut pas changer le monde, mais elle peut montrer le monde, surtout quand le monde est en train de changer\u00bb. <strong>Marc Riboud, photographe.<\/strong><\/p>\n<p style=\"text-align: center;\">Nous, Etres Vivants, appartenons \u00e0 un Tout.<\/p>\n<p style=\"text-align: center;\">Nous sommes en interaction avec la Nature. Nous nous adaptons \u00e0 son climat, sa beaut\u00e9, son immense richesse qu\u2019est la biodiversit\u00e9 tout autant que nous la fa\u00e7onnons (la malmenons parfois) pour vivre et \u00e9voluer en tant qu\u2019esp\u00e8ce.<\/p>\n<p style=\"text-align: center;\">Ces interactions depuis notre apparition sur Terre ont model\u00e9 des patrimoines multiples. Ils sont vernaculaires, universels, b\u00e2tis, naturels, mat\u00e9riels, immat\u00e9riels, culturels, religieux, vivants\u2026<\/p>\n<p style=\"text-align: center;\">Les enjeux d\u2019aujourd\u2019hui et les changements rapides auxquels nous sommes de plus en plus souvent et violemment confront\u00e9s nous sugg\u00e8rent d\u2019observer la r\u00e9silience de la Nature. Ils nous sugg\u00e8rent aussi de r\u00e9apprendre \u00e0 regarder et comprendre nos patrimoines pour nous adapter autant que pour prot\u00e9ger. De comprendre nos impacts et nous remettre en question. Nous sommes des t\u00e9moins, des passeurs pour les g\u00e9n\u00e9rations futures et l\u2019on ne peut transmettre que ce que l\u2019on connait.<\/p>\n<p style=\"text-align: center;\">Cette 10<sup>i\u00e8me<\/sup> biennale est une invitation \u00e0 croiser des regards multiples, des sensibilit\u00e9s universelles&nbsp;; une invitation \u00e0 nous questionner chacun sur notre propre d\u00e9finition du patrimoine, une invitation \u00e0 prendre le temps de regarder d\u2019o\u00f9 l\u2019on vient&nbsp;: la Terre.&nbsp;<\/p>\n<p style=\"text-align: center;\">Belle d\u00e9ambulation au c\u0153ur de nos Racines, entre Nature et Patrimoines.<\/p>\n<h2 style=\"text-align: center;\"><em><strong>Les Ponots Graphies 2023<\/strong><\/em><\/h2>\n<p style=\"text-align: center;\">\u00ab\u00a0Ombres et Lumi\u00e8res\u00a0\u00bb<\/p>\n<p><img decoding=\"async\" class=\"aligncenter\" src=\"http:\/\/photoclub43.org\/wp-content\/uploads\/2023\/12\/Flyer-recto-ponots-graphies-2023_redimensionner.jpg\" width=\"147\" height=\"203\"><\/p>\n<p style=\"text-align: center;\">L&rsquo;ann\u00e9e 2023 est une ann\u00e9e exceptionnelle : La premi\u00e8re ann\u00e9e qui commence par une exposition \u00e9v\u00e9nement qui commence par un week-end au Centre Pierre Cardinal : il s&rsquo;agit de f\u00eater les 50 ans d&rsquo;existence&nbsp; de l&rsquo;activit\u00e9 du club, et les 40 ans d&rsquo;existence de notre association !<\/p>\n\n<div class=\"wp-block-image\">\n<figure class=\"aligncenter is-resized\"><a href=\"http:\/\/photoclub43.org\/?page_id=2353\" target=\"_blank\" rel=\"noopener\"><img decoding=\"async\" width=\"62\" height=\"30\" data-orig-file=\"https:\/\/photoclub43.org\/wp-content\/uploads\/2018\/11\/bouton-plus.png\" data-attachment-url=\"https:\/\/photoclub43.org\/?attachment_id=135\" data-aspectratio=\"2.07\" data-caption=\"\" data-image-title=\"bouton plus\" data-image-description=\"\" srcset=\"\" src=\"http:\/\/photoclub43.org\/wp-content\/uploads\/2018\/11\/bouton-plus.png\" alt=\"\" class=\"wp-image-135\" style=\"width:71px;height:auto\"\/><\/a><\/figure>\n\n<script type=\"application\/ld+json\">[\n    {\n        \"@context\": \"https:\/\/schema.org\/\",\n        \"@type\": \"ImageObject\",\n        \"contentUrl\": \"https:\/\/photoclub43.org\/wp-content\/uploads\/2018\/11\/bouton-plus.png\",\n        \"license\": \"\",\n        \"acquireLicensePage\": \"\"\n    }\n]<\/script><\/div>\n\n<h2 style=\"text-align: center;\"><em><strong>Les Ponots Graphies 2021<\/strong><\/em><\/h2>\n<p style=\"text-align: center;\">\u00ab\u00a0Th\u00e8me libre\u00a0\u00bb<\/p>\n\n<div class=\"wp-block-image\">\n<figure class=\"aligncenter is-resized\"><img loading=\"lazy\" decoding=\"async\" width=\"783\" height=\"1126\" data-orig-file=\"https:\/\/photoclub43.org\/wp-content\/uploads\/2022\/02\/AFFICHE-PG-2021.jpg\" data-attachment-url=\"https:\/\/photoclub43.org\/?attachment_id=1805\" data-aspectratio=\"0.7\" data-caption=\"Affiche 2021\" data-image-title=\"AFFICHE PG 2021\" data-image-description=\"\" srcset=\"https:\/\/photoclub43.org\/wp-content\/uploads\/2022\/02\/AFFICHE-PG-2021-209x300.jpg 209w, https:\/\/photoclub43.org\/wp-content\/uploads\/2022\/02\/AFFICHE-PG-2021-712x1024.jpg 712w, https:\/\/photoclub43.org\/wp-content\/uploads\/2022\/02\/AFFICHE-PG-2021-768x1104.jpg 768w, https:\/\/photoclub43.org\/wp-content\/uploads\/2022\/02\/AFFICHE-PG-2021.jpg 783w\" src=\"http:\/\/photoclub43.org\/wp-content\/uploads\/2022\/02\/AFFICHE-PG-2021.jpg\" alt=\"\" class=\"wp-image-1805\" style=\"width:137px;height:auto\"\/><figcaption class=\"wp-element-caption\">Affiche 2021<\/figcaption><\/figure>\n\n<script type=\"application\/ld+json\">[\n    {\n        \"@context\": \"https:\/\/schema.org\/\",\n        \"@type\": \"ImageObject\",\n        \"contentUrl\": \"https:\/\/photoclub43.org\/wp-content\/uploads\/2022\/02\/AFFICHE-PG-2021.jpg\",\n        \"license\": \"\",\n        \"acquireLicensePage\": \"\"\n    }\n]<\/script><\/div>\n\n<div class=\"wp-block-image\">\n<figure class=\"aligncenter size-full is-resized\"><a href=\"http:\/\/photoclub43.org\/?page_id=1816\" target=\"_blank\" rel=\"noopener\"><img loading=\"lazy\" decoding=\"async\" width=\"62\" height=\"30\" data-orig-file=\"https:\/\/photoclub43.org\/wp-content\/uploads\/2018\/11\/bouton-plus.png\" data-attachment-url=\"https:\/\/photoclub43.org\/?attachment_id=135\" data-aspectratio=\"2.07\" data-caption=\"\" data-image-title=\"bouton plus\" data-image-description=\"\" srcset=\"\" src=\"http:\/\/photoclub43.org\/wp-content\/uploads\/2018\/11\/bouton-plus.png\" alt=\"\" class=\"wp-image-135\" style=\"width:70px;height:auto\"\/><\/a><\/figure>\n\n<script type=\"application\/ld+json\">[\n    {\n        \"@context\": \"https:\/\/schema.org\/\",\n        \"@type\": \"ImageObject\",\n        \"contentUrl\": \"https:\/\/photoclub43.org\/wp-content\/uploads\/2018\/11\/bouton-plus.png\",\n        \"license\": \"\",\n        \"acquireLicensePage\": \"\"\n    }\n]<\/script><\/div>\n\n<h2 style=\"text-align: center;\"><strong><em>Les Ponots Graphies 2019<\/em><\/strong><\/h2>\n<p style=\"text-align: center;\">&lsquo;Th\u00e8me libre\u00a0\u00bb<\/p>\n<p><img loading=\"lazy\" decoding=\"async\" class=\"wp-image-1394 size-full aligncenter\" src=\"http:\/\/photoclub43.org\/wp-content\/uploads\/2019\/12\/affiche-PONOTS-GRAPHIES-2019-L_150.jpg\" alt=\"\" width=\"150\" height=\"217\"><\/p>\n<p style=\"text-align: center;\"><a href=\"http:\/\/photoclub43.org\/?page_id=1819\"><img loading=\"lazy\" decoding=\"async\" class=\"alignnone size-full wp-image-135\" src=\"http:\/\/photoclub43.org\/wp-content\/uploads\/2018\/11\/bouton-plus.png\" alt=\"\" width=\"62\" height=\"30\"><\/a><\/p>\n<h2 style=\"text-align: center;\"><strong><em>Les Ponots Graphies 2017<\/em><\/strong><\/h2>\n<p style=\"text-align: center;\">\u00ab\u00a0L&rsquo;eau dans tous ses \u00e9tats\u00a0\u00bb<\/p>\n<p style=\"text-align: center;\" data-wp-editing=\"1\"><img loading=\"lazy\" decoding=\"async\" class=\"alignnone size-thumbnail wp-image-540\" src=\"http:\/\/photoclub43.org\/wp-content\/uploads\/2018\/11\/2017-150x150.jpg\" alt=\"\" width=\"150\" height=\"150\"><\/p>\n<p style=\"text-align: center;\"><a href=\"http:\/\/photoclub43.org\/?page_id=49\" target=\"_blank\" rel=\"noopener noreferrer\"><img loading=\"lazy\" decoding=\"async\" class=\"alignnone size-full wp-image-135\" src=\"http:\/\/photoclub43.org\/wp-content\/uploads\/2018\/11\/bouton-plus.png\" alt=\"\" width=\"62\" height=\"30\"><\/a><\/p>\n<p style=\"text-align: center;\">&#8212;<\/p>\n<h2 style=\"text-align: center;\"><em><strong>Les Ponots Graphies 2015<\/strong><\/em><\/h2>\n<p style=\"text-align: center;\">\u00ab\u00a0Noir et blanc\u00a0\u00bb<\/p>\n<p style=\"text-align: center;\"><img loading=\"lazy\" decoding=\"async\" class=\"alignnone size-full wp-image-129\" src=\"http:\/\/photoclub43.org\/wp-content\/uploads\/2018\/11\/affiche-ponots-pour-site-2.jpg\" alt=\"\" width=\"114\" height=\"160\"><\/p>\n<p style=\"text-align: center;\"><a href=\"http:\/\/photoclub43.org\/?page_id=51\"><img loading=\"lazy\" decoding=\"async\" class=\"alignnone size-full wp-image-135\" src=\"http:\/\/photoclub43.org\/wp-content\/uploads\/2018\/11\/bouton-plus.png\" alt=\"\" width=\"62\" height=\"30\"><\/a><\/p>\n<p style=\"text-align: center;\">Cette ann\u00e9e, notre biennale 2015 a pour th\u00e8me le Noir et Blanc. C&rsquo;est un choix f\u00e9d\u00e9rateur pour les amoureux d&rsquo;architecture, de nature et ou de portrait. Si le N&amp;B apporte une uniformit\u00e9 n\u00e9cessaire \u00e0 une belle exposition, c&rsquo;est \u00e9galement un clin d\u2019\u0153il pour nos anciens et pour la photo argentique.<\/p>\n<p style=\"text-align: center;\">Expositions \u00e0 la Mairie, \u00e0 l&rsquo;H\u00f4tel du D\u00e9partement, au Canop\u00e9 (hommage \u00e0 Jean-Paul Galland), au centre culturel de Guitard<\/p>\n<p style=\"text-align: center;\">&#8212;<\/p>\n<h2 style=\"text-align: center;\"><em><strong>Les Ponots Graphies 2013<\/strong><\/em><\/h2>\n<p style=\"text-align: center;\">\u00ab\u00a0Th\u00e8me libre\u00a0\u00bb<\/p>\n<p><img loading=\"lazy\" decoding=\"async\" class=\"alignnone size-full wp-image-131 aligncenter\" src=\"http:\/\/photoclub43.org\/wp-content\/uploads\/2018\/11\/affiche2013-big.jpg\" alt=\"\" width=\"113\" height=\"160\">&nbsp; <a href=\"http:\/\/photoclub43.org\/?page_id=53\"><img loading=\"lazy\" decoding=\"async\" class=\"alignnone size-full wp-image-135 aligncenter\" src=\"http:\/\/photoclub43.org\/wp-content\/uploads\/2018\/11\/bouton-plus.png\" alt=\"\" width=\"62\" height=\"30\"><\/a><\/p>\n<p style=\"text-align: center;\">La version 2013 innove, il n&rsquo;y a pas de th\u00e8me o\u00f9 plus pr\u00e9cis\u00e9ment le th\u00e8me est libre. A chacun de trouver son sujet, son inspiration.<br>Ce qui peut para\u00eetre facile r\u00e9serve des surprises. A d\u00e9couvrir du 30 septembre au 27 novembre dans la salle Jean Claude Simon \u00e0 l&rsquo;H\u00f4tel du d\u00e9partement. Le 19 Octobre au CDDP,&nbsp; le photo club vous offre une projection photographique en 3D mise en \u0153uvre par le st\u00e9r\u00e9o club Fran\u00e7ais venu sp\u00e9cialement de l&rsquo;Essonne. Spectacle \u00e0 ne pas manquer.<\/p>\n<p style=\"text-align: center;\">&#8212;<\/p>\n<h2 style=\"text-align: center;\"><em><strong>Les Ponots Graphies 2011<\/strong><\/em><\/h2>\n<p style=\"text-align: center;\">\u00ab\u00a0Le temps\u00a0\u00bb<\/p>\n<p><img loading=\"lazy\" decoding=\"async\" class=\"alignnone size-full wp-image-132 aligncenter\" src=\"http:\/\/photoclub43.org\/wp-content\/uploads\/2018\/11\/affiche2011-big.jpg\" alt=\"\" width=\"113\" height=\"160\">&nbsp;&nbsp; <a href=\"http:\/\/photoclub43.org\/?page_id=138\"><img loading=\"lazy\" decoding=\"async\" class=\"alignnone size-full wp-image-135 aligncenter\" src=\"http:\/\/photoclub43.org\/wp-content\/uploads\/2018\/11\/bouton-plus.png\" alt=\"\" width=\"62\" height=\"30\"><\/a><\/p>\n<p style=\"text-align: center;\">La version 2011 r\u00e9unira une nouvelle fois des amateurs et des professionnels dans des expositions collectives et des lieux publics dont le th\u00e8me retenu est \u00ab\u00a0LE TEMPS\u00a0\u00bb<br>Le temps dans tous ses \u00e9tats, le temps qui passe, le temps pass\u00e9, le beau ou le mauvais temps. Du 3 au 23 octobre 2011, les photographies seront accroch\u00e9es sur les cimaises du Conseil G\u00e9n\u00e9ral, \u00e0 la Mairie du Puy-en-Velay, au Th\u00e9\u00e2tre municipal et au Centre D\u00e9partemental de Documentation P\u00e9dagogique.<\/p>\n<p style=\"text-align: center;\">&#8212;<\/p>\n<h2 style=\"text-align: center;\"><em><strong>Les Ponots Graphies 2009<\/strong><\/em><\/h2>\n<p style=\"text-align: center;\">\u00ab\u00a043 regards sur la Haute Loire\u00a0\u00bb<\/p>\n<p><img loading=\"lazy\" decoding=\"async\" class=\"alignnone size-full wp-image-133 aligncenter\" src=\"http:\/\/photoclub43.org\/wp-content\/uploads\/2018\/11\/affiche2009-big.jpg\" alt=\"\" width=\"114\" height=\"160\">&nbsp; <a href=\"http:\/\/photoclub43.org\/?page_id=143\"><img loading=\"lazy\" decoding=\"async\" class=\"alignnone size-full wp-image-135 aligncenter\" src=\"http:\/\/photoclub43.org\/wp-content\/uploads\/2018\/11\/bouton-plus.png\" alt=\"\" width=\"62\" height=\"30\"><\/a><\/p>\n<p style=\"text-align: center;\">La version 2009 proposait<br>43 REGARDS SUR LA HAUTE-LOIRE<br>avec la participation de 43 photographes et 43 lieux d&rsquo;exposition<\/p>\n<p style=\"text-align: center;\">&#8212;<\/p>\n<h2 style=\"text-align: center;\"><em><strong>Les Ponots Graphies 2007<\/strong><\/em><\/h2>\n<p style=\"text-align: center;\">\u00ab\u00a0Un th\u00e8me &#8211; Un lieu\u00a0\u00bb<\/p>\n<p style=\"text-align: center;\"><img loading=\"lazy\" decoding=\"async\" class=\"alignnone size-full wp-image-134 aligncenter\" src=\"http:\/\/photoclub43.org\/wp-content\/uploads\/2018\/11\/affiche2007-big.jpg\" alt=\"\" width=\"113\" height=\"160\">&nbsp; <a href=\"http:\/\/photoclub43.org\/?page_id=145\"><img loading=\"lazy\" decoding=\"async\" class=\"alignnone size-full wp-image-135 aligncenter\" src=\"http:\/\/photoclub43.org\/wp-content\/uploads\/2018\/11\/bouton-plus.png\" alt=\"\" width=\"62\" height=\"30\"><\/a><\/p>\n<p style=\"text-align: center;\">La version 2007 associait<br>UN THEME &#8211; UN LIEU<br>avec 50 photographes et 58 lieux d&rsquo;exposition<\/p>\t\t\t\t\t\t\t\t<\/div>\n\t\t\t\t\t<\/div>\n\t\t\t\t<\/div>\n\t\t\t\t<\/div>\n\t\t","protected":false},"excerpt":{"rendered":"<p>La cr\u00e9ation des \u00ab PONOTS&nbsp; GRAPHIES \u00bb par Jean-Paul CHABANON en 2006 a vu le jour en octobre 2007 gr\u00e2ce \u00e0 la participation active de tous les adh\u00e9rents du PHOTO CLUB DE GUITARD \u00ab Ouvr\u2019 L\u2019\u0153il \u00bb. Un grand clin &hellip; <a href=\"https:\/\/photoclub43.org\/?page_id=2\">Continuer la lecture <span class=\"meta-nav\">&rarr;<\/span><\/a><\/p>\n","protected":false},"author":1,"featured_media":0,"parent":0,"menu_order":0,"comment_status":"closed","ping_status":"open","template":"","meta":{"ngg_post_thumbnail":0,"footnotes":""},"class_list":["post-2","page","type-page","status-publish","hentry"],"_links":{"self":[{"href":"https:\/\/photoclub43.org\/index.php?rest_route=\/wp\/v2\/pages\/2","targetHints":{"allow":["GET"]}}],"collection":[{"href":"https:\/\/photoclub43.org\/index.php?rest_route=\/wp\/v2\/pages"}],"about":[{"href":"https:\/\/photoclub43.org\/index.php?rest_route=\/wp\/v2\/types\/page"}],"author":[{"embeddable":true,"href":"https:\/\/photoclub43.org\/index.php?rest_route=\/wp\/v2\/users\/1"}],"replies":[{"embeddable":true,"href":"https:\/\/photoclub43.org\/index.php?rest_route=%2Fwp%2Fv2%2Fcomments&post=2"}],"version-history":[{"count":60,"href":"https:\/\/photoclub43.org\/index.php?rest_route=\/wp\/v2\/pages\/2\/revisions"}],"predecessor-version":[{"id":5256,"href":"https:\/\/photoclub43.org\/index.php?rest_route=\/wp\/v2\/pages\/2\/revisions\/5256"}],"wp:attachment":[{"href":"https:\/\/photoclub43.org\/index.php?rest_route=%2Fwp%2Fv2%2Fmedia&parent=2"}],"curies":[{"name":"wp","href":"https:\/\/api.w.org\/{rel}","templated":true}]}}